 is the tens digit of v?
1
Let k = -7474 + 34084. What is the tens digit of k?
1
Suppose q = 4, 14262 = 3*o - q - 1529. Suppose 5*w = 9*z - 13*z + o, -z + 1312 = -3*w. What is the units digit of z?
5
Let f(y) = y**2 - 7*y + 13. Let i = 1 + 0. Suppose -12 - i = -v. What is the tens digit of f(v)?
9
Let m = -509 + 512. Suppose 715 + 413 = m*d + w, 0 = 3*d - 4*w - 1113. What is the tens digit of d?
7
Let z(s) = -584*s + 242. Let d be z(-11). Suppose 18*m = -15*m + d. What is the tens digit of m?
0
Let q(n) = -n**3 - 2*n**2 + n + 9. Suppose 20 = -93*d + 95*d. Suppose 0 = 2*i - 0*i + d. What is the tens digit of q(i)?
7
Let n = -15407 + 24241. What is the hundreds digit of n?
8
Let k(v) = v**3 + v**2 + 3*v - 2. Let d be k(0). Let r be (2 + d + 0)/(-5 + 4). Suppose 2*z = -a - r*a + 113, 4*a - 428 = -2*z. What is the tens digit of a?
0
Let u be (-1 + 95)*32/(-16). Let t = 287 + u. Suppose -3*j - 36 = -t. What is the tens digit of j?
2
Let m(y) = -18*y - 65. Suppose -28*r + 24 = -29*r. What is the hundreds digit of m(r)?
3
Let o(z) = z**2 + 20*z + 101. Let g be o(-11). Suppose -g*b + 2*s = -430, -10*b + 13*b - 644 = 2*s. What is the units digit of b?
4
Suppose 0 = -6*z + 24*z. Suppose z = -7*l + 3943 + 6228. What is the hundreds digit of l?
4
Suppose -655*y + 654*y = -5688. What is the thousands digit of y?
5
Suppose -3*b = d - 904, -72*d + 936 = -71*d - 5*b. What is the units digit of d?
6
Let b(l) = -3*l**2 - 10. Let q be b(0). Let r(o) = -o**3 - 12*o**2 + 6*o + 18. Let m be r(q). Let g = -129 - m. What is the tens digit of g?
1
Let d = -138 + 199. Let z = d - 59. Suppose -z*t - 28 = -48. What is the units digit of t?
0
Let g = -450 - -450. Suppose l + 3*w - 181 = 465, g = -4*l + 3*w + 2629. What is the tens digit of l?
5
Let l(v) = v**3 - 3*v**2 + 5*v - 1. Let h be l(1). Suppose u - 6 - 10 = -4*t, h*t - 2 = 0. What is the units digit of u/3*74/8?
7
Let c(i) = -17*i**3 + 2*i**2 + 6*i + 52. Suppose 9 = v - 3*v - g, -19 = 4*v + 3*g. What is the hundreds digit of c(v)?
1
Let n(p) = 136*p - 1793. What is the tens digit of n(77)?
7
Suppose -14*d = -18 - 10. Let a(f) = 80*f**3 + 9 + 7*f + 6 + d*f**2 - 82*f**3 - 7*f**2. What is the tens digit of a(-5)?
0
Let o(g) = -g**2 + 110*g - 493. What is the tens digit of o(55)?
3
Let i(a) = -a**3 - 14*a**2 + 12*a - 36. Let p be i(-15). Suppose t - p*t - 2*t = 0. Suppose 69 = -t*u + 3*u + 3*b, 89 = 4*u + 5*b. What is the units digit of u?
6
Suppose -f = -5*o + 371802, 0 = 213*o - 208*o - 3*f - 371806. What is the units digit of o?
0
Let f be 4/(-10) - 1110/(-150). Suppose f*c - 2345 = 1673. What is the tens digit of c?
7
Suppose 81 = -3*h + 240. Suppose 0 = -2*q + h - 3. Suppose 0 = x - q - 17. What is the units digit of x?
2
Suppose -d = -4*k + 14 + 113, -5*k = 3*d - 180. Suppose -k*m + 609 = -32*m. Suppose -m - 227 = -11*g. What is the tens digit of g?
7
Suppose 3*h + 2*r = -290, -2*h - 114 = -4*r + 58. Let a = h - -138. What is the units digit of a?
4
Let z = 4786 + -3309. What is the thousands digit of z?
1
Let o = 1863 + -896. What is the hundreds digit of o?
9
Let t be (2 - 1) + 430*(-2)/2. Let c = t + 582. What is the hundreds digit of c?
1
Let q(d) = -120*d. Let s(c) = -c. Let k(i) = -q(i) + 40*s(i). What is the hundreds digit of k(4)?
3
Let w = -134 + 131. What is the units digit of (w - -23) + (-5)/(5/(-2))?
2
Let s = -230 - -186. What is the tens digit of 5284/22 - (6 + 256/s)?
4
Let y(a) = -7*a - 12. Let h be y(-4). What is the units digit of h + 195 - -2*1?
3
Let t = -51095 - -86172. What is the units digit of t?
7
Suppose -h - 1 = -4*w, -9*h + 8*h = -5*w. What is the units digit of w + 4 + (5 - 14) + 1073?
7
Suppose 50*a - 22*a = 41552. Let u = 2351 - a. What is the hundreds digit of u?
8
Let p be 1 + 0 - (-34 + -8). Suppose b - k + 23 = 0, 2*k - k = 2*b + p. What is the units digit of ((-51)/(-6))/((-2)/b) - 2?
3
Let o = 1803 + 942. What is the hundreds digit of (o/54)/(1/2)*3?
3
Suppose -12*p + 105 = 3*p. What is the tens digit of p/(42/(-8)) - 12588/(-18)?
9
Suppose -6 = 3*w - 4*q, -2*w + 3*q = -1 + 6. Suppose 0 = l + 5, 0 = 6*v - w*v - l - 3653. What is the tens digit of 1/2*v/4?
1
Suppose -617 = 4*w - 817. Suppose -w = -4*a - 2*l + 412, l = -5*a + 585. What is the hundreds digit of a?
1
Let s(o) = 6*o**2. Let a be s(1). Let g(d) = 8 + 6*d**2 - 2*d - a + 0*d**2. What is the units digit of g(2)?
2
Suppose 0 = 46914*n - 46887*n - 644868. What is the tens digit of n?
8
Suppose 0 = -58*y + 49*y + 6579. Suppose x - 2*b = y - 205, 0 = -4*b + 8. What is the units digit of x?
0
Let q(f) = f**3 - 16*f**2 + 35*f + 119. What is the hundreds digit of q(15)?
4
Suppose -20*a - 1125012 - 564486 = -74*a. What is the units digit of a?
7
Suppose 5*x - 952 = 723. Suppose -3*m = b - x, 0 = 5*m - 4*b - 283 - 247. Let d = m + -68. What is the units digit of d?
2
Let x(s) = s**3 + 2*s**2 - 14*s + 5. Let f be x(5). Suppose -2*u + 0*j - 4*j + f = 0, 2*u - 5*j = 119. What is the tens digit of u?
5
Let s be 0 - (-2)/(-17) - (-10)/85. Suppose s = -3*p - 374 + 872. What is the units digit of p?
6
Let o be (-6)/((-5)/(820/6)). Let g = o - 50. What is the tens digit of g?
1
Let y(d) = -7*d - 50. Let u be y(-8). Let b be 384 - ((-10)/u - (-10)/15). Suppose 6*j = b + 773. What is the units digit of j?
3
Suppose 627 = 4*o - 221. Let k = 6 + o. Suppose 0 = t + t - k. What is the tens digit of t?
0
What is the units digit of (-23 + 2523/21)/(2/203)?
0
Let z(o) = 6*o**3 + 1 - 2 + 3*o + 0 + 3*o**3 - 3*o**2. Let f(q) = -q + 1. Let m(h) = f(h) + z(h). What is the units digit of m(2)?
4
Suppose -7*u + 1925 = -2*u. Let y(f) = -f**3 + 23*f**2 - 74*f - 27. Let m be y(19). Suppose -18*h + m*h = -u. What is the units digit of h?
5
Let v be (1 - 2/(-4))*(78 - 4). Suppose -c = -v + 27. Suppose l - 3*t + 46 = 2*l, -2*l = 2*t - c. What is the units digit of l?
0
Let u(f) be the third derivative of f**5/15 - 2*f**4 + 23*f**3/6 - 181*f**2. What is the tens digit of u(13)?
7
Let m(j) be the first derivative of -j**4/4 - 2*j**3 - 7*j**2/2 + 23. Let t be m(-5). What is the units digit of (-1)/(t/(-12))*5?
6
Let o = 75 + -130. Let y = o + 57. Suppose -10 = -y*j - 0*j. What is the units digit of j?
5
Suppose -20*u = 17 + 843. Let w = u + 220. What is the tens digit of w?
7
Suppose 4*l = 2*l - 6. Let b = 4 + l. What is the tens digit of (-2174)/(-14) + b + (-2)/7?
5
Let x = -940 - -1336. Suppose 5*n - 13 = -3. Suppose 3*l + 4*i = 243 + x, 830 = 4*l - n*i. What is the hundreds digit of l?
2
Suppose -2*f + 40*f - 243372 = 21*f. What is the thousands digit of f?
4
Let j(l) = 214*l**2 - 63*l + 223. What is the thousands digit of j(17)?
0
Let t = 4354 - -9253. What is the tens digit of t?
0
Suppose -174 = 2*s + 5*x - 145, 0 = -2*x + 2. Let p be (3 - 2)/((-1)/(-27)). Let z = s + p. What is the tens digit of z?
1
Let t be -25 + 9 + 8/(-2). What is the units digit of 3838/342 + (t/9 - -2)?
1
Suppose 3 = -3*c, -4*v + 59 = -2*c + 21. Suppose -6*f + v*f - 996 = 0. What is the tens digit of f?
3
Let x(h) = 55*h + 38. Let c be x(11). Suppose c*r - 639*r - 4152 = 0. What is the thousands digit of r?
1
Let h = -273 - -278. Suppose -5*p - o = -2820, -4*p = -7*p - h*o + 1714. What is the hundreds digit of p?
5
Let n be 1 - (1*-15430 - 4). Suppose -8*j - n = -17*j. Suppose 0 = c + 6*c - j. What is the hundreds digit of c?
2
Let u(f) = -2*f**2 + 84*f - 80. Let t = -446 - -479. What is the units digit of u(t)?
4
Let w(g) = 540*g + 3366. What is the tens digit of w(16)?
0
Let j be 712/(-60) - (-6)/(-45). What is the tens digit of 45/54 - 2978/j?
4
Let o(z) be the second derivative of z**4/4 + z**3/2 + 23*z**2/2 - 5*z. Suppose 2*p = -3*u - 2, -3*u - 4 = -4*u. What is the tens digit of o(p)?
4
Suppose y = -5*v + 7125, -21*y + 28626 = -17*y - v. What is the hundreds digit of y?
1
Let a(i) = -i**2 + 8. Let q be a(3). Let u(m) = m. Let n(d) = 48*d + 36. Let l(r) = q*n(r) + 36*u(r). What is the units digit of l(-14)?
2
Let r = 6005 - -3954. What is the hundreds digit of r?
9
Let n be (0 - 4/(-2))/((-26)/13). What is the tens digit of -3*(-4)/(-12)*n + 43?
4
Let k be (-6)/(-15) - (-1998)/30. Suppose k = -2*c - 97. Let z = 4 - c. What is the tens digit of z?
8
Let x be (8/(-5))/((-608980)/(-50750) - 12). Suppose -x - 24788 = -24*o. What is the hundreds digit of o?
2
Suppose -21 =